{"id":51,"date":"2017-03-13T10:22:18","date_gmt":"2017-03-13T10:22:18","guid":{"rendered":"http:\/\/kielerklinikclowns.de\/?page_id=51"},"modified":"2023-10-04T08:54:01","modified_gmt":"2023-10-04T08:54:01","slug":"team","status":"publish","type":"page","link":"https:\/\/kielerklinikclowns.de\/?page_id=51","title":{"rendered":"Team"},"content":{"rendered":"\n<figure class=\"wp-block-image alignleft\"><a href=\"http:\/\/kielerklinikclowns.de\/wp-content\/uploads\/2018\/11\/piffpaff.jpg\"><img loading=\"lazy\" decoding=\"async\" width=\"225\" height=\"283\" src=\"http:\/\/kielerklinikclowns.de\/wp-content\/uploads\/2018\/11\/piffpaff.jpg\" alt=\"\" class=\"wp-image-106\"\/><\/a><\/figure>\n\n\n\n<p><strong>Maria Krone alias Piff Paff<\/strong><\/p>\n\n\n\n<p>Die geborene Hildesheimerin ist ausgebildete Sozialp\u00e4dagogin, sp\u00e4ter folgte eine Tanzp\u00e4dagogische Ausbildung.<\/p>\n\n\n\n<p>Weiterbildung als Klinik-Clownin an der Schule f\u00fcr Tanz, Clown und Theater in Hannover.<\/p>\n\n\n\n<p>Sie ist als freischaffende K\u00fcnstlerin mit dem Schwerpunkt Clownerie in Krankenh\u00e4usern und Senioreneinrichtungen unterwegs.<\/p>\n\n\n\n<p>Au\u00dferdem im Bereich Darstellendes Spiel, Clownerie.<\/p>\n\n\n\n<div style=\"height:19px\" aria-hidden=\"true\" class=\"wp-block-spacer\"><\/div>\n\n\n\n<figure class=\"wp-block-image alignleft size-large is-resized\"><a href=\"http:\/\/kielerklinikclowns.de\/wp-content\/uploads\/2021\/11\/Die-Klinikclowns-an-Bord-der-Hansekogge-10044-.jpg\"><img decoding=\"async\" src=\"http:\/\/kielerklinikclowns.de\/wp-content\/uploads\/2021\/11\/Die-Klinikclowns-an-Bord-der-Hansekogge-10044-.jpg\" alt=\"\" class=\"wp-image-231\" width=\"232\" srcset=\"https:\/\/kielerklinikclowns.de\/wp-content\/uploads\/2021\/11\/Die-Klinikclowns-an-Bord-der-Hansekogge-10044-.jpg 282w, https:\/\/kielerklinikclowns.de\/wp-content\/uploads\/2021\/11\/Die-Klinikclowns-an-Bord-der-Hansekogge-10044--201x300.jpg 201w\" sizes=\"(max-width: 282px) 100vw, 282px\" \/><\/a><\/figure>\n\n\n\n<p><strong>Sonja Kammerlander alias Augustina<br><\/strong><\/p>\n\n\n\n<p><span style=\"font-family: Arial, sans-serif;\">Sonja Kammerlander ist eine echte Kieler Deern &#8211; <\/span><span style=\"font-family: Arial, sans-serif;\">Hauptberuflich als Kommunikations \u2013 Beraterin unterwegs.<\/span><\/p>\n\n\n\n<p><span style=\"font-family: Arial, sans-serif;\">Zertifizierte Trainerin f\u00fcr Improvisations Theater Methoden.<\/span><\/p>\n\n\n\n<p><span style=\"font-family: Arial, sans-serif;\">Sie hat 15 Jahre Theatererfahrungen, eine 2-j\u00e4hrige Ausbildung als Clownin und<\/span><\/p>\n\n\n\n<p><span style=\"font-family: Arial, sans-serif;\">diverse Fortbildungen im Bereich Klinik-Clownin gemacht.<\/span><\/p>\n\n\n\n<p><span style=\"font-family: Arial, sans-serif;\">Das Erlernte und die Erfahrungen, die sie in diesem Bereich gemacht hat,<\/span><\/p>\n\n\n\n<p><span style=\"font-family: Arial, sans-serif;\">liebt und lebt sie in der Kinderklinik und mit dementen Menschen zusammen aus.<\/span><\/p>\n\n\n\n<p><span style=\"font-family: Arial, sans-serif;\">Jeder Moment dieser Begegnungen ist f\u00fcr sie einzigartig.<\/span><\/p>\n\n\n\n<div style=\"height:25px\" aria-hidden=\"true\" class=\"wp-block-spacer\"><\/div>\n\n\n\n<figure class=\"wp-block-image alignleft\"><a href=\"http:\/\/kielerklinikclowns.de\/wp-content\/uploads\/2018\/11\/image8-2.jpeg\"><img loading=\"lazy\" decoding=\"async\" width=\"225\" height=\"335\" src=\"http:\/\/kielerklinikclowns.de\/wp-content\/uploads\/2018\/11\/image8-2.jpeg\" alt=\"\" class=\"wp-image-120\" srcset=\"https:\/\/kielerklinikclowns.de\/wp-content\/uploads\/2018\/11\/image8-2.jpeg 225w, https:\/\/kielerklinikclowns.de\/wp-content\/uploads\/2018\/11\/image8-2-201x300.jpeg 201w\" sizes=\"auto, (max-width: 225px) 100vw, 225px\" \/><\/a><\/figure>\n\n\n\n<p><strong>Tina alias Upps<\/strong><strong><br><\/strong><\/p>\n\n\n\n<p>Schon in meinem erlernten Beruf als Heilp\u00e4dagogin , bemerkte und erlebte ich in der Arbeit mit den Kindern, die gro\u00dfe Wirkung der roten Nase \u2026.<\/p>\n\n\n\n<p>danach machte ich mich weiter auf Spurensuche&#8230;.irgendwo liegt der Zauber inne&#8230;.<\/p>\n\n\n\n<p>ich stolperte \u00fcber Patch Adams (einer der ersten Klinikclowns) und dann fand ich den Weg und die Richtung und weiter ging es \u2026<\/p>\n\n\n\n<p>mit Workshops und Schnupperkurse und Weiterbildung zum Klinikclown .<\/p>\n\n\n\n<p>In der Schule f\u00fcr Tanz ,Clown und Theater in Hannover 2002\/2003 absolvierte ich die Klinikclown Weiterbildung<\/p>\n\n\n\n<p>Danach folgte die praktische \u201eClowns Gesellen Zeit \u201e im St\u00e4dtischen Krankenhaus Kiel, und anderen Kliniken in Schleswig &#8211; Holstein<\/p>\n\n\n\n<p>Seit 2004 arbeite ich in dieser Funktion als Klinikclown im St\u00e4dtischen Krankenhaus<\/p>\n\n\n\n<p>Des weiteren Fortbildungen als Clownin f\u00fcr Senioren und Menschen mit Demenz, f\u00fcr Kinder mit lebensbedrohlichen Erkrankungen<\/p>\n\n\n\n<div style=\"height:20px\" aria-hidden=\"true\" class=\"wp-block-spacer\"><\/div>\n\n\n\n<figure class=\"wp-block-image alignleft\"><a href=\"http:\/\/kielerklinikclowns.de\/wp-content\/uploads\/2020\/10\/Flokati_01.jpg\"><img loading=\"lazy\" decoding=\"async\" width=\"218\" height=\"300\" src=\"http:\/\/kielerklinikclowns.de\/wp-content\/uploads\/2020\/10\/Flokati_01-218x300.jpg\" alt=\"Klinikclown Flokati\" class=\"wp-image-155\" srcset=\"https:\/\/kielerklinikclowns.de\/wp-content\/uploads\/2020\/10\/Flokati_01-218x300.jpg 218w, https:\/\/kielerklinikclowns.de\/wp-content\/uploads\/2020\/10\/Flokati_01-742x1024.jpg 742w, https:\/\/kielerklinikclowns.de\/wp-content\/uploads\/2020\/10\/Flokati_01-768x1059.jpg 768w, https:\/\/kielerklinikclowns.de\/wp-content\/uploads\/2020\/10\/Flokati_01-1114x1536.jpg 1114w, https:\/\/kielerklinikclowns.de\/wp-content\/uploads\/2020\/10\/Flokati_01.jpg 1450w\" sizes=\"auto, (max-width: 218px) 100vw, 218px\" \/><\/a><\/figure>\n\n\n\n<p><strong>Katrin Feddersen alias Flokati<\/strong><\/p>\n\n\n\n<p>FLOKATI alias Katrin Feddersen verheiratet, 2 tolle Kinder. Geboren und aufgewachsen in Bremen.  Handwerksausbildung und Gestaltungsabitur.<\/p>\n\n\n\n<p>Danach Studium des Kost\u00fcmdesigns in Hamburg. W\u00e4hrendessen und seitdem Ausfl\u00fcge in Gastronomie, Maskenbildnerei, Schneiderei, Marionetten- und Improtheater.<\/p>\n\n\n\n<p> Seit 2006 mit der Familie in der N\u00e4he von Kiel zuhause. Durch die Erfahrungen mit zwei gro\u00dfartigen Kindern und traurigen Ereignissen im n\u00e4heren Umfeld wurde ich auf den Klinikclown aufmerksam. <\/p>\n\n\n\n<p>In der Clownsschule Jokers in Hamburg bei Bettina Natho absolvierte ich 2017\/18 meine Ausbildung zum Klinikclown. Ich hatte gro\u00dfes Gl\u00fcck, dass ich w\u00e4hrend der Clownsausbildung im St\u00e4dtisches Krankenhaus Kiel hospitieren durfte, und direkt im Anschluss als festes Mitglied ins Team aufgenommen wurde. Weitere Eins\u00e4tze in Einrichtungen f\u00fcr Kinder und Erwachsene in Schleswig-Holstein geh\u00f6ren seitdem zu mir und der roten Nase.<\/p>\n\n\n\n<p><\/p>\n\n\n\n<div style=\"height:40px\" aria-hidden=\"true\" class=\"wp-block-spacer\"><\/div>\n\n\n\n<p><\/p>\n\n\n\n<figure class=\"wp-block-image alignleft size-large is-resized\"><a href=\"http:\/\/kielerklinikclowns.de\/wp-content\/uploads\/2023\/06\/grafik.png\"><img loading=\"lazy\" decoding=\"async\" src=\"http:\/\/kielerklinikclowns.de\/wp-content\/uploads\/2023\/06\/grafik-1024x683.png\" alt=\"\" class=\"wp-image-240\" width=\"222\" height=\"148\" srcset=\"https:\/\/kielerklinikclowns.de\/wp-content\/uploads\/2023\/06\/grafik-1024x683.png 1024w, https:\/\/kielerklinikclowns.de\/wp-content\/uploads\/2023\/06\/grafik-300x200.png 300w, https:\/\/kielerklinikclowns.de\/wp-content\/uploads\/2023\/06\/grafik-768x512.png 768w, https:\/\/kielerklinikclowns.de\/wp-content\/uploads\/2023\/06\/grafik-1536x1024.png 1536w, https:\/\/kielerklinikclowns.de\/wp-content\/uploads\/2023\/06\/grafik-2048x1365.png 2048w\" sizes=\"auto, (max-width: 222px) 100vw, 222px\" \/><\/a><\/figure>\n\n\n\n<p><strong>Friederike Petersen alias<em> Pauline<\/em><\/strong><\/p>\n\n\n\n<p>als echtes Nordlicht, liebe ich die K\u00fcste, das Meer und den frischen Wind genauso wie die Clownerie. Denn beides macht den Kopf frei und l\u00e4sst mich den Moment genie\u00dfen. Au\u00dferdem faszinieren mich als Clownin so wie im Privaten&nbsp;vielf\u00e4ltige&nbsp;Begegnungen mit verschiedensten Menschen.<\/p>\n\n\n\n<p>Mit einem Lehramtstudium und zahlreichen (Klinik-)Clownerie Fortbildungen im Gep\u00e4ck, tanzen, h\u00fcpfe und schlendere ich nun seit \u00fcber 10 Jahren als <em>Pauline<\/em> durch Krankenh\u00e4user, Einrichtungen f\u00fcr Menschen mit Behinderungen und Senioreneinrichtungen.&nbsp; In diesem Sinne:<em> Segel gehisst und AHOI!<\/em>&nbsp; &nbsp;<\/p>\n\n\n\n<p><em><strong>Fotografien von Timo Wilke<\/strong><\/em><\/p>\n","protected":false},"excerpt":{"rendered":"<p>Maria Krone alias Piff Paff Die geborene Hildesheimerin ist ausgebildete Sozialp\u00e4dagogin, sp\u00e4ter folgte eine Tanzp\u00e4dagogische Ausbildung. Weiterbildung als Klinik-Clownin an der Schule f\u00fcr Tanz, Clown und Theater in Hannover. Sie ist als freischaffende K\u00fcnstlerin mit dem Schwerpunkt Clownerie in Krankenh\u00e4usern<\/p>\n","protected":false},"author":1,"featured_media":0,"parent":0,"menu_order":0,"comment_status":"closed","ping_status":"closed","template":"","meta":{"footnotes":""},"class_list":["post-51","page","type-page","status-publish","hentry"],"_links":{"self":[{"href":"https:\/\/kielerklinikclowns.de\/index.php?rest_route=\/wp\/v2\/pages\/51","targetHints":{"allow":["GET"]}}],"collection":[{"href":"https:\/\/kielerklinikclowns.de\/index.php?rest_route=\/wp\/v2\/pages"}],"about":[{"href":"https:\/\/kielerklinikclowns.de\/index.php?rest_route=\/wp\/v2\/types\/page"}],"author":[{"embeddable":true,"href":"https:\/\/kielerklinikclowns.de\/index.php?rest_route=\/wp\/v2\/users\/1"}],"replies":[{"embeddable":true,"href":"https:\/\/kielerklinikclowns.de\/index.php?rest_route=%2Fwp%2Fv2%2Fcomments&post=51"}],"version-history":[{"count":40,"href":"https:\/\/kielerklinikclowns.de\/index.php?rest_route=\/wp\/v2\/pages\/51\/revisions"}],"predecessor-version":[{"id":260,"href":"https:\/\/kielerklinikclowns.de\/index.php?rest_route=\/wp\/v2\/pages\/51\/revisions\/260"}],"wp:attachment":[{"href":"https:\/\/kielerklinikclowns.de\/index.php?rest_route=%2Fwp%2Fv2%2Fmedia&parent=51"}],"curies":[{"name":"wp","href":"https:\/\/api.w.org\/{rel}","templated":true}]}}